{"id":471,"date":"2016-09-09T08:35:32","date_gmt":"2016-09-09T06:35:32","guid":{"rendered":"http:\/\/schulelinden.ch\/2\/?page_id=471"},"modified":"2024-07-24T21:27:13","modified_gmt":"2024-07-24T19:27:13","slug":"heilpaedagogik-ifibem","status":"publish","type":"page","link":"https:\/\/schulelinden.ch\/?page_id=471","title":{"rendered":"Massnahmen Regelschule MR"},"content":{"rendered":"<p>&#8222;Sch\u00fclerinnen und Sch\u00fclern, <strong>deren schulische Ausbildung<\/strong> durch St\u00f6rungen und Behinderungen oder durch Probleme bei der sprachlichen und kulturellen Integration <strong>erschwert wird<\/strong>, sowie Sch\u00fclerinnen und Sch\u00fclern <strong>mit ausserordentlichen Begabungen<\/strong> soll in der Regel der Besuch der \u00f6ffentlichen Schule erm\u00f6glicht werden.&#8220; (Art. 17 VSG)<\/p>\n<p>Alle Sch\u00fclerinnen und Sch\u00fcler der Region Oberdiessbach besuchen seit sp\u00e4testens 2003 die Regelklasse. Es gibt keine Klassen zur besonderen F\u00f6rderung KbF. Die Kinder mit zweij\u00e4hriger Einschulung (EK oder ES) werden ebenfalls in den Regelklassen gef\u00f6rdert.<\/p>\n<p>MR ist regional organisiert (Region Oberdiessbach). Detaillierte Infos zu folgenden Punkten finden Sie auf\u00a0der\u00a0<a href=\"https:\/\/www.oberdiessbach.ch\/massnahmen-zur-regelschule-mr\/organisation.html\/37\" target=\"_blank\" rel=\"noopener\">Homepage\u00a0<\/a>der Schulen Oberdiessbach.<\/p>\n<p><strong>Massnahmen zur besonderen F\u00f6rderung<\/strong><\/p>\n<ul>\n<li>Individuelle Lernziele (rILZ, eILZ)<\/li>\n<li>Zweij\u00e4hrige Einschulung ES<\/li>\n<li>Deutsch als Zweitsprache DAZ<\/li>\n<li>Begabtenf\u00f6rderung BF<\/li>\n<li>Integration von Sch\u00fclerinnen und Sch\u00fclern mit Behinderung<\/li>\n<\/ul>\n<p>Im Schulhaus Linden arbeiten\u00a0 <a href=\"mailto:daniel.meyer@schule-oberdiessbach.ch\">Daniel Meyer <\/a>\u00a0 und <a href=\"mailto:brigitte.burger@reob.ch\" target=\"_blank\" rel=\"noopener\">Brigitte Burger<\/a> als IF-Lehrkr\u00e4fte f\u00fcr Kinder mit besonderen Bed\u00fcrfnissen, zudem unterst\u00fctzt Tess Burla Kinder in Psychomotorik.<\/p>\n\n\n<p><\/p>\n","protected":false},"excerpt":{"rendered":"<p>&#8222;Sch\u00fclerinnen und Sch\u00fclern, deren schulische Ausbildung durch St\u00f6rungen und Behinderungen oder durch Probleme bei der sprachlichen und kulturellen Integration erschwert wird, sowie Sch\u00fclerinnen und Sch\u00fclern mit ausserordentlichen Begabungen soll in der Regel der Besuch der \u00f6ffentlichen Schule erm\u00f6glicht werden.&#8220; (Art. 17 VSG) Alle Sch\u00fclerinnen und Sch\u00fcler der Region Oberdiessbach besuchen seit sp\u00e4testens 2003 die Regelklasse. [&hellip;]<\/p>\n","protected":false},"author":1,"featured_media":0,"parent":469,"menu_order":2,"comment_status":"closed","ping_status":"closed","template":"template-fullwidth.php","meta":{"footnotes":""},"class_list":["post-471","page","type-page","status-publish","hentry","post-preview"],"_links":{"self":[{"href":"https:\/\/schulelinden.ch\/index.php?rest_route=\/wp\/v2\/pages\/471","targetHints":{"allow":["GET"]}}],"collection":[{"href":"https:\/\/schulelinden.ch\/index.php?rest_route=\/wp\/v2\/pages"}],"about":[{"href":"https:\/\/schulelinden.ch\/index.php?rest_route=\/wp\/v2\/types\/page"}],"author":[{"embeddable":true,"href":"https:\/\/schulelinden.ch\/index.php?rest_route=\/wp\/v2\/users\/1"}],"replies":[{"embeddable":true,"href":"https:\/\/schulelinden.ch\/index.php?rest_route=%2Fwp%2Fv2%2Fcomments&post=471"}],"version-history":[{"count":20,"href":"https:\/\/schulelinden.ch\/index.php?rest_route=\/wp\/v2\/pages\/471\/revisions"}],"predecessor-version":[{"id":4076,"href":"https:\/\/schulelinden.ch\/index.php?rest_route=\/wp\/v2\/pages\/471\/revisions\/4076"}],"up":[{"embeddable":true,"href":"https:\/\/schulelinden.ch\/index.php?rest_route=\/wp\/v2\/pages\/469"}],"wp:attachment":[{"href":"https:\/\/schulelinden.ch\/index.php?rest_route=%2Fwp%2Fv2%2Fmedia&parent=471"}],"curies":[{"name":"wp","href":"https:\/\/api.w.org\/{rel}","templated":true}]}}